 - 20*g = 50. Let u = g - -27. Suppose 0*a - 4*b + 199 = 3*a, -4*a + 258 = -u*b. Is a a prime number?
False
Suppose 5*b + 3*d - 195 = 263, -372 = -4*b - d. Let f = b - 60. Suppose 0*n - n = -f. Is n composite?
True
Is -10 - -2 - (-37 + -49454) a composite number?
True
Suppose 18*b - 17648 = 2*b. Is b a composite number?
False
Is 9 + -8 - -2247 - (-2 + 7) prime?
True
Let a(p) = 124*p - 43. Let d(y) = -248*y + 86. Let z(t) = -5*a(t) - 3*d(t). Is z(6) composite?
False
Is (-5)/((-20)/(-8)) + 88196 + -7 prime?
False
Suppose -2*z - 6*m + 4963 = -3*m, 0 = 2*m + 2. Is z prime?
False
Suppose 7 = 2*g - 3*z, -2*g + 4*g + z - 11 = 0. Is (-2 + -2 + g)*469 composite?
True
Suppose 2*j = -3*x + 19, 3*x + 0 = 4*j + 7. Suppose 2*p + 2*l = -3*p + 25, -x*p + 35 = 4*l. Suppose -2106 = -5*q + t, 2098 = 2*q + p*q - 3*t. Is q composite?
True
Suppose -4*c - 5*f = -25, -2*c - 31 = -4*f - 11. Suppose c*n = n - 2*g - 7, 4*g + 23 = 5*n. Is (-3)/(-9) + 158/n a composite number?
False
Is 2*(1/(-6)*-3261)/1 prime?
True
Let p(k) = -59*k + 27. Is p(-8) composite?
False
Let g = 14 + -16. Let y = g + 4. Suppose -5 = -v + y*v, o - 75 = -4*v. Is o a composite number?
True
Suppose -4*l = -i - 7753, -5*l = -0*i + 6*i - 9655. Is l a prime number?
False
Let l be -17 + 14 + 36 + -2. Suppose -w + 12 = -l. Is w a prime number?
True
Let n be 3 + (-12)/(2 + 2). Let z(f) = -f - 2. Let k be z(n). Is k*(-3 - (-123)/(-6)) a prime number?
True
Suppose 71*u - 27*u - 75416 = 0. Is u a composite number?
True
Suppose 71*i = 56*i + 995295. Is i a prime number?
False
Is (-8)/(16/(-6)) - -4150 composite?
False
Let a = -9 + 9. Suppose -5*m + a*m = -3175. Let q = m - -206. Is q prime?
False
Let w = 57 - 51. Suppose 5*g - 735 = 2*x - w*x, 0 = 5*x + g - 924. Is x a composite number?
True
Let s be (-3)/(-9) + 23/3. Let p(j) = -j**3 + 9*j**2 + 7*j - 6. Let a be p(s). Suppose 5*m = -2*o + a, -3*m + 111 - 35 = 5*o. Is m prime?
False
Let m(k) = 4352*k + 849. Is m(40) a prime number?
True
Let f(w) = 3*w**2 - 16. Let g(i) = -i**2 - 3*i + 23. Let n be g(-6). Is f(n) a prime number?
True
Let z(t) = -829*t**3 + 2*t + 13. Let g(p) = -414*p**3 + p + 6. Let j(o) = -13*g(o) + 6*z(o). Is j(1) a prime number?
False
Let u(g) be the third derivative of g**6/120 + 3*g**5/20 + 7*g**4/24 + g**3 + 3*g**2. Let z be u(-5). Suppose -5*o + 184 = -z. Is o prime?
False
Let i be -2 + 1/4*0. Let g(z) = 8*z**3 + z - 1. Let u be g(i). Let q = 176 + u. Is q a composite number?
False
Is 363596/(-102)*(-21)/2 a prime number?
False
Suppose -m + 4 = -1. Suppose m*r - y = 4*y + 290, 0 = 4*y + 16. Suppose a - 1 = -2, z - r = a. Is z composite?
False
Let x(m) = -m**3 - 7*m**2 + 4*m - 6. Suppose -12 = 3*v - 2*v. Let z be x(v). Let u = -475 + z. Is u prime?
True
Suppose -1656 = -o + k - 0*k, -3319 = -2*o - 5*k. Is o composite?
False
Suppose 2*h + 8732 = 4*h. Suppose -6*v + 1426 - h = 0. Let f = -93 - v. Is f a composite number?
False
Let s(n) = -5*n**2 + 48*n + 23. Let q(r) = 4*r**2 - 48*r - 23. Let w(z) = -3*q(z) - 4*s(z). Is w(-21) composite?
False
Let l(b) = 68*b**3 + 3*b + 3. Let m be l(-1). Is (522/(-72))/(1/m) a composite number?
True
Suppose -5*a = -4*q - 16, 3*a = -11*q + 6*q - 20. Suppose 9 + a = v. Let k(y) = -y**3 + 10*y**2 - 8*y + 13. Is k(v) prime?
False
Let g(h) = 3*h**2 + 3*h - 31. Is g(-18) a composite number?
False
Suppose 24280 = 2*i - 2*f, -3*i + 4*f + 27326 = -9091. Is i prime?
True
Let g(r) = -5*r**2 - 3*r + 3. Let w be g(4). Suppose -6*s - 690 = -s. Let f = w - s. Is f prime?
False
Let z(v) = -4*v**2 - 3*v - 12. Let c be z(-11). Let s = c + 792. Suppose -126 = -5*r + s. Is r prime?
False
Suppose -5*c = -0*c - 2*h - 5335, c + 2*h - 1067 = 0. Is c a composite number?
True
Let f(g) = 2*g + 7. Let u be f(-14). Is (1 - 0)*(2564 + u) prime?
True
Suppose -2*f = 5*r - 4944, -f + 2*r + 3656 - 1175 = 0. Is f a prime number?
True
Let s = 10783 - 1056. Is s a composite number?
True
Let i = -1472 + 3519. Is i composite?
True
Let o(a) = 2. Let m(d) = -217*d + 56. Let g(n) = -m(n) + 5*o(n). Is g(5) composite?
False
Let k = 3 + 1. Let w be (-3645)/(-30)*k/6. Suppose -f = 5*x - 410, -4*f + x - w = -1658. Is f a prime number?
False
Is 267932/(-12 + 26) - 1/1 composite?
True
Let l(g) = -7*g**2 + 15*g**2 - 11*g**2 - 6*g - 55*g**3 + 1. Is l(-3) prime?
False
Suppose -8*x - 14 + 46 = 0. Is x - (-2 + 2 + -315) composite?
True
Let o(z) = 21982*z**2 - 10*z - 1. Is o(-1) a prime number?
True
Suppose -4*c + 4 = -4. Suppose 5*b + g - 1169 = 0, -5*g - 146 = -c*b + 300. Is b prime?
True
Let w(b) be the first derivative of 5/3*b**3 - 6*b + 3*b**2 - 8. Is w(-5) a composite number?
False
Let a be (152/6)/(1/3). Suppose -3*x + 4*s + 68 = 0, 0 = -4*x - 5*s + a + 25. Is (-4347)/(-4) - (-6)/x composite?
False
Suppose -m - 83 = 215. Is (m/4)/(3/(-42)) a prime number?
False
Is 31678/3 - (-7 + (-44)/(-6)) prime?
True
Suppose k = 2*k + 3*m + 6, 0 = 2*k + 3*m. Let i(t) = -t**3 - 12*t + 2 + 2*t**3 + 16*t - 3 - 6*t**2. Is i(k) prime?
True
Let z(a) = a**3 + 10*a**2 - 13*a - 24. Let t be z(-11). Is -1 - (t - 300) - (2 - 2) a prime number?
False
Let l(c) = 15*c**3 - 18*c**2 + 22*c + 3. Let a(u) = -7*u**3 + 9*u**2 - 11*u - 2. Let r(q) = 13*a(q) + 6*l(q). Let m be r(8). Let s = -1 - m. Is s prime?
True
Let y(p) = 3*p**3 - p**2 - p + 5. Let q = -64 - -66. Is y(q) a composite number?
False
Is 22896 + -15*-4*(-2)/(-24) prime?
True
Suppose -5126 = -29*u + 7*u. Is u prime?
True
Let s = 26 - -6. Suppose -c + 5*c - s = 0. Suppose -2*a - 57 = -o - 6*a, c = 4*a. Is o prime?
False
Let t(g) = 0 - 4 - 7 - g. Let r be t(-6). Let h(w) = 9*w**2 - 7*w - 7. Is h(r) a prime number?
False
Suppose 2*s + 2*q = 4*q + 15638, -5*q + 7807 = s. Is s a composite number?
False
Suppose 3*y + 326 = -3343. Suppose -3*k + 7449 = 3*q, 3*q - 16*k = -21*k + 7459. Let m = q + y. Is m composite?
True
Let f(z) = -16*z + 15. Let i(a) = a**2 + 6 - 7*a - 2 - 1. Let j be i(5). Is f(j) a composite number?
False
Suppose -1726655 = 22*x + 89335. Let j(s) = -s**3 - 6*s**2 - 2*s. Let g be j(-6). Is (-2)/g - x/90 a composite number?
True
Is (-8)/(-18) - 21602297/(-1737) composite?
False
Let a(w) = -64*w - 13. Is a(-5) composite?
False
Is (580/16)/(6/24) composite?
True
Let o(q) = -q + 6. Let z be o(6). Suppose 1168 + 176 = 2*m - i, z = 3*m - i - 2017. Is m a composite number?
False
Let u be (-34395)/(-60)*(4 + 0/(-1)). Let t = u - 1050. Is t composite?
True
Is 2/4 - (20325/(-6) + -1) a composite number?
False
Let c be (-16)/(-2)*1/2. Suppose 0 = 3*t - 5*o + 48, 5*t + 13 = c*o - 54. Is (-246)/(-2) + (-7 - t) a composite number?
False
Let z = -2 - -1. Let l(b) be the first derivative of -5*b**4 - 2*b**3/3 - b**2/2 + 14. Is l(z) composite?
False
Let h(j) = 11*j**2 + 24*j - 9. Is h(20) a prime number?
True
Suppose 4*r - 5*u - 33 = 0, 2*u + u = -15. Suppose -5*d = 3*g - 500, -321 = -r*g - d + 3. Is (-2 + 2 - -3) + g prime?
True
Let f = 36 - 29. Suppose 0 = -2*a + f*a - 1655. Is a a composite number?
False
Let a(o) = 44*o - 1. Suppose 0 = -d + 3*b - 0*b + 9, 3*d - 4*b - 22 = 0. Is a(d) composite?
False
Let p(y) = 339*y**2 + 10. Is p(-3) composite?
False
Suppose 3*v - w = -24, -4*v - 3*w + 4*w = 32. Let l(n) be the first derivative of 3*n**3 + 5*n**2/2 + 5*n - 16. Is l(v) composite?
False
Let a be 3/(-3 - -2 - 0). Is (a - -1) + 4 - -329 composite?
False
Suppose -d - 5*j = -4784, 3*d = j + 1369 + 12935. Is d a prime number?
False
Let k(n) = -28*n - 13. Suppose 0*i - 2*i - 23 = 5*c, 3*i + 46 = 4*c. Is k(i) composite?
False
Let s(m) = -348*m + 23. Let d be s(7). Let o = d - -3624. Is o prime?
False
Let h = -2186 + 3685. Is h a prime number?
True
Suppose 3*d - 9 = 0, 2*d + 1878 = 4*p - 2*p. Let v = p - 1716. Is (26/4)/((-9)/v) a prime number?
False
Suppose 5*u = 33817 - 10182. Is u composite?
True
Let x = 9 + 9. Let q be (-3 + x/8)*-4. Suppose -l + 484 = q*l - u, -3*u + 121 = l. Is l prime?
False
Let b = 21 + -17. Suppose 600 - 10532 = -b*m. Is m prime?
False
Let l = -1612 - -3011. Is l a composite number?
False
Let f = 21080 + -9157. Is f prime?
True
Let v = 85 - 81. Is (v/1)/((-60)/(-18885)) a composite number?
False
Let t = 20 - 18. Let r be ((-2 + 2)/t)/2. Suppose -k - k + 354 = r. Is k a prime number?
False
Let j = -4 - -3. Let w be ((-48)/(1 - -1))/((-18)/12). Is ((-8)/w)/(j/194) composite?
False
Let k be -1659*(-2 + (-2